he greatest common factor of 10541 and 183679.
83
What is the highest common factor of 135 and 33838065?
45
Calculate the greatest common divisor of 251220 and 90105.
15
What is the greatest common divisor of 50490 and 80718550?
1870
What is the highest common factor of 232 and 2430344?
8
What is the highest common divisor of 37960 and 88931739?
949
What is the highest common factor of 22007 and 6790369?
59
Calculate the greatest common divisor of 103264 and 242368.
224
What is the highest common factor of 99728 and 168059024?
4336
Calculate the greatest common factor of 2439 and 125710938.
2439
Calculate the greatest common divisor of 305 and 32109424.
61
Calculate the greatest common divisor of 767057 and 51.
17
What is the highest common divisor of 1108 and 22207921?
277
Calculate the greatest common factor of 909272 and 308.
28
What is the greatest common factor of 39740303 and 2005?
401
Calculate the highest common factor of 29213359 and 2555.
511
What is the greatest common divisor of 1501889 and 4?
1
What is the greatest common divisor of 8192 and 25070592?
1024
What is the highest common divisor of 55 and 103256087?
11
What is the highest common divisor of 7709 and 350921389?
7709
Calculate the greatest common factor of 71632022 and 682.
22
What is the highest common factor of 74454 and 491929987?
12409
Calculate the highest common factor of 150 and 6471450.
150
Calculate the greatest common divisor of 3519990 and 50.
10
What is the highest common divisor of 159 and 314131?
53
What is the greatest common divisor of 726189 and 1020?
51
What is the highest common factor of 2459864 and 64152?
88
What is the highest common divisor of 273 and 2902081?
91
What is the greatest common divisor of 16 and 25750448?
16
Calculate the greatest common divisor of 259 and 9855949.
37
Calculate the greatest common divisor of 244 and 574949278.
122
Calculate the greatest common divisor of 16902 and 754002.
54
What is the greatest common divisor of 8691303 and 1681?
41
Calculate the greatest common divisor of 42049 and 141434815.
6007
What is the greatest common factor of 74788 and 84763?
7
What is the greatest common divisor of 51322121 and 281?
281
What is the highest common factor of 5679487 and 320557?
2447
What is the greatest common divisor of 7996 and 833658962?
3998
What is the highest common divisor of 21611608 and 1706?
1706
What is the highest common factor of 106986293 and 59?
59
What is the greatest common divisor of 43101462 and 190?
38
What is the greatest common divisor of 67117 and 52931?
41
Calculate the highest common divisor of 254898 and 1498329.
1071
What is the greatest common divisor of 239728 and 10880?
16
Calculate the greatest common divisor of 251440602 and 482.
482
Calculate the highest common factor of 133060840 and 33.
11
What is the greatest common factor of 1764 and 233828?
196
What is the greatest common factor of 12402 and 199890?
18
Calculate the highest common divisor of 1892 and 723308.
4
What is the greatest common divisor of 4828026 and 78?
6
What is the greatest common divisor of 88 and 965599624?
88
What is the highest common divisor of 74211 and 6059712?
2559
Calculate the highest common factor of 734363 and 154987.
49
Calculate the greatest common divisor of 120 and 491944920.
120
Calculate the highest common divisor of 615 and 48198903.
123
Calculate the greatest common factor of 776 and 16884.
4
Calculate the highest common factor of 1014344422 and 26.
26
Calculate the greatest common factor of 475 and 1470950.
25
Calculate the highest common factor of 152 and 3096512.
8
Calculate the highest common factor of 556274752 and 290.
58
What is the greatest common factor of 48 and 280411896?
24
What is the greatest common factor of 3033 and 90357?
3
Calculate the greatest common factor of 11194752 and 2624.
64
Calculate the greatest common divisor of 218199045 and 345.
345
Calculate the greatest common divisor of 119461 and 6767.
67
Calculate the highest common divisor of 13958500 and 18000.
500
What is the greatest common divisor of 389329 and 12958?
589
What is the greatest common divisor of 580 and 122710745?
145
What is the greatest common divisor of 2 and 92861?
1
Calculate the highest common divisor of 304 and 103250128.
16
What is the greatest common factor of 760824485 and 235?
235
Calculate the greatest common divisor of 41967 and 97638557.
4663
Calculate the greatest common divisor of 33949 and 111537.
17
What is the greatest common divisor of 1976 and 383480344?
1976
Calculate the greatest common factor of 789320040 and 1843.
1843
What is the greatest common divisor of 4586508 and 15588?
36
What is the greatest common factor of 803700 and 15980?
940
What is the greatest common factor of 34226488 and 569?
569
What is the greatest common divisor of 6328 and 10444?
28
What is the highest common factor of 107908680 and 1320?
1320
Calculate the highest common factor of 1304 and 34977192.
1304
Calculate the greatest common factor of 5 and 3502321.
1
Calculate the greatest common factor of 400 and 33253925.
25
Calculate the greatest common factor of 202020 and 21203220.
2220
What is the highest common factor of 43417229 and 4558?
2279
What is the greatest common factor of 4624 and 31676712?
2312
Calculate the highest common factor of 234 and 333827442.
234
What is the greatest common factor of 423339924 and 140?
28
Calculate the highest common divisor of 73289119 and 74.
37
What is the greatest common factor of 5255883 and 794?
397
What is the greatest common divisor of 747 and 301849752?
249
Calculate the highest common factor of 15564 and 8172.
12
Calculate the highest common divisor of 14 and 2099706.
14
Calculate the highest common factor of 9477 and 681029856.
3159
Calculate the highest common divisor of 2565 and 15689535.
285
What is the greatest common factor of 4600 and 244375?
575
What is the greatest common divisor of 16962666 and 672?
42
Calculate the greatest common factor of 177 and 566350853.
59
What is the greatest common factor of 120951479 and 121?
121
What is the greatest common divisor of 2489 and 288166464?
2489
Calculate the greatest common divisor of 12448493 and 4504.
563
What is the highest common factor of 19518 and 204307918?
6506
What is the highest common divisor of 12593 and 156443?
7
What is the greatest common divisor of 324698976 and 441?
63
Calculate the highest common factor of 40275647 and 259.
37
Calculate the highest common divisor of 192007308 and 3.
3
What is the greatest common factor of 12985267 and 243107?
8383
What is the greatest common factor of 55252741 and 209?
19
What is the greatest common divisor of 53498 and 31786?
46
Calculate the highest common factor of 1282296 and 2484.
276
What is the highest common factor of 3784671 and 81?
27
What is the highest common factor of 312 and 21242148?
12
Calculate the highest common factor of 28 and 50769565.
7
What is the greatest common divisor of 1386 and 60302?
22
Calculate the greatest common divisor of 7853028 and 4884.
444
What is the greatest common divisor of 43539 and 1730202?
1893
Calculate the greatest common factor of 12768 and 9834384.
336
What is the highest common divisor of 806 and 4726202?
26
Calculate the highest common divisor of 33 and 137481432.
33
What is the highest common divisor of 11687494 and 364?
182
Calculate the highest common divisor of 32 and 1719867440.
16
Calculate the highest common factor of 11028511 and 25506.
1417
Calculate the highest common divisor of 220 and 134224585.
55
Calculate the highest common factor of 47472688 and 1376.
688
Calculate the highest common factor of 9964336 and 1472.
368
What is the highest common factor of 6315 and 17377617?
1263
What is the greatest common factor of 25354 and 168?
14
What is the greatest common factor of 1849796 and 1040?
52
Calculate the greatest common factor of 26384 and 19652.
68
What is the highest common factor of 219299 and 407?
37
Calculate the greatest common factor of 40 and 41897032.
8
What is the greatest common factor of 1323 and 126493353?
1323
What is the greatest common factor of 100 and 160644090?
10
What is the highest common factor of 2181 and 26544951?
2181
What is the greatest common factor of 2492 and 6686659?
623
What